 713.
31
Let h(n) = -n**2 + 16*n + 19. Let a be (34/(-8))/((-1)/(-4)*-1). Let g be h(a). Let b be ((-45)/(-27))/(g/6). What is the highest common divisor of 35 and b?
5
Let h(m) = -m**2 - 97*m - 330. Let t be h(-81). What is the highest common factor of t and 138?
138
Let z be 17148/52 + 39/169. Calculate the greatest common divisor of z and 150.
30
Suppose h - 39 = -2*q, 0*q - 2*h = -4*q + 74. Let c(p) = 1101*p**2 - 1103*p**2 + 39*p + q*p - 48. Let b be c(28). What is the highest common factor of 2 and b?
2
Let l = -64 + 69. Suppose -268 + 128 = -l*p. Let s be 294/(-8)*(-48)/9. What is the highest common divisor of p and s?
28
Let f = -36 + 53. Suppose 75653 = 113*k + 16102. Calculate the greatest common divisor of f and k.
17
Let v(b) = 35*b + 1. Let g be v(1). Suppose -4*a + g = 8. Let o = -908 + 922. What is the highest common factor of a and o?
7
Let v(o) = 2*o**2 + 12*o - 34. Let y = 51 + -59. Let b be v(y). Let u be (12*5/45)/(b/(-135)). Calculate the highest common factor of 18 and u.
18
Let x be (-1)/(-4) - (-10)/(-8). Let r = 7 - 11. Let z be -6*((-6 - r) + x). Calculate the greatest common factor of z and 198.
18
Suppose -174*a + 423360 = 152*a - 11*a. Calculate the highest common divisor of 516 and a.
12
Suppose -5*a - 59 - 159 = -2*i, 0 = -4*i + 3*a + 436. What is the highest common divisor of 109 and i?
109
Suppose -78 = -4*m - 2*m. Suppose 9 = 4*u - m*u. Let r(z) = -6*z**3 - 2*z**2 - 4*z - 3. Let s be r(u). Calculate the greatest common divisor of s and 20.
5
Let q(m) = m + 28. Let d(o) = 27. Let y(z) = 4*d(z) - 5*q(z). Let j be y(-19). Calculate the highest common factor of 42 and j.
21
Let k(i) be the first derivative of 27*i**2 + 27*i - 317. Let n be k(3). What is the greatest common divisor of n and 27?
27
Suppose -1397 = -o - 1391, -o + 492 = k. What is the greatest common factor of k and 522?
18
Suppose 2*n = 33*n - n - 28140. Calculate the greatest common factor of n and 182.
14
Let q = 308 - 224. Suppose 4*x = -4*r + q, 3*x + x - 5*r = 93. Calculate the greatest common factor of x and 11.
11
Let x = 8266 + -2416. Calculate the greatest common factor of 52 and x.
26
Suppose -41*f + 30 = -49*f + 23*f. Suppose 5*i = 2*i. Suppose i = l + f - 24. Calculate the highest common factor of 11 and l.
11
Let r = 402 - 402. Let c be 152 + -71 - (-7 + r). What is the greatest common factor of c and 11?
11
Suppose -50 = -5*v - 10, 4*v = -l + 98. What is the highest common divisor of l and 4829?
11
Let x(t) = t**3 - 3*t**2 - 17*t - 9. Let v be x(6). Let i(z) = -8*z - 4. Let d be i(v). What is the greatest common divisor of 220 and d?
20
Suppose 110 = -9*h + 164. Suppose h = -75*m + 78*m. Calculate the highest common divisor of 74 and m.
2
Let n be 791 - 1 - (-8)/22*(-1485)/90. Let r = -7 + 23. Calculate the highest common factor of n and r.
16
Suppose 0*q + 24354 = -11*q. Let z be q/(-34) + 54/(-459). What is the greatest common factor of 26 and z?
13
Suppose -498*k - 4*b + 688 = -494*k, 3*b = 4*k - 632. What is the highest common divisor of k and 123?
41
Let k(f) = -14*f**2 + 8*f**2 + 7*f**2 + f**3 + 0*f**2 - 2*f + 3. Let g be k(4). What is the highest common divisor of 100 and g?
25
Suppose 120*z - t - 549 = 118*z, -t = -z + 273. Suppose -2*y = -0*y - 46. What is the highest common factor of z and y?
23
Let y = 404 + -285. Suppose -118*z = -y*z + 72. Let t(s) = -s**3 + 6*s**2 + 6*s - 7. Let d be t(5). What is the highest common factor of d and z?
24
Suppose 67*a = 561 + 578. Suppose 8 = 4*t, 0*c + t - 14 = -3*c. Suppose c*z = 3*z + 68. What is the highest common divisor of a and z?
17
Let t(b) = -3*b**3 + 184*b**2 - 56*b + 142. Let p be t(61). What is the greatest common factor of 3 and p?
3
Suppose -1 = q, 2*q = 3*u + 54 - 191. What is the greatest common factor of 1611 and u?
9
Let n = -2154 - -2193. Let g = 355 + -30. Calculate the highest common factor of n and g.
13
Let q be (2160/192)/(3/88). Let k be ((-16)/12)/((-10)/q). Calculate the highest common divisor of 66 and k.
22
Let j be -1 + 0 + 1 - -45. Let z = j - 29. Let t(r) = 7*r**2 - 29*r - 28. Let o be t(-1). Calculate the greatest common divisor of o and z.
8
Let k be 362/20 - (-6 - (-732)/120). Calculate the greatest common divisor of k and 153.
9
Let i = -135 - -147. Let k be (-7)/((-21)/(-4)) + 208/i. What is the greatest common factor of 128 and k?
16
Let u = 11786 - 4712. Calculate the highest common divisor of 216 and u.
54
Let v(i) = 21*i + 879. Let r be v(-41). Calculate the highest common divisor of 1422 and r.
18
Suppose -36*s = -35*s - 9. Let w(v) = 31*v - 79. Let k be w(s). What is the greatest common factor of 8 and k?
8
Suppose 3*f - m - 1406 = 0, 8*f - 11*f + 4*m = -1394. Suppose -p - 3*w + 4 = -71, 5*p = 4*w + f. What is the greatest common factor of p and 20?
10
Let w = 81 - 79. Suppose 0 = 5*m + o - 19, -w = 2*m + 2*o - 8. Let l be 1/(0 - m/(-108)). What is the greatest common factor of l and 9?
9
Let n(z) = z**2 + z - 17. Let o be n(4). Suppose c - 4*k = 32, 4*c - 114 = -c - o*k. What is the highest common divisor of 48 and c?
24
Let o = 15870 - 15517. Calculate the highest common factor of 3 and o.
1
Let u(k) = -19*k + 17*k + 1 - 2 - 2*k**2 + 3*k**2. Let m be u(3). Suppose m*n = s - 131 - 67, s + n - 198 = 0. What is the greatest common factor of 18 and s?
18
Suppose -309 = -5*v - 4*j, -v - 3*j = 3*v - 248. What is the greatest common divisor of v and 1625?
65
Let c = -83 + 93. Calculate the highest common divisor of 235 and c.
5
Suppose 0 = -5*z + 4*b + 11740, -8*z + 11*z = -4*b + 7076. Calculate the highest common divisor of z and 3724.
196
Suppose -13639 - 8007 - 8384 = -330*m. Suppose 2*c - c + 7 = -2*j, 4*c = 4*j - 28. Let t = 6 - c. What is the greatest common divisor of t and m?
13
Suppose -5*r = -6*r. Suppose 0 = 2*l - 2*b - 3 + 31, -l - b - 4 = r. Let v = 59 - l. Calculate the greatest common divisor of v and 17.
17
Suppose -77*h + 79*h + 4*s = 0, 2*h + 2*s = 10. Calculate the greatest common factor of 530 and h.
10
Let w(b) = 7*b + 37. Let i be w(-6). Let q be (4/(i - -9))/(1/34). What is the greatest common divisor of q and 442?
34
Suppose 4*w - 564 = w. Suppose 0 = -5*y - s - 196, -w = 5*y - 0*y + 3*s. Let b = y - -79. What is the highest common factor of 26 and b?
13
Suppose 29 + 469 = 19*d - 167. Calculate the greatest common divisor of 56 and d.
7
Let g(j) = j**2 + 29*j - 1394. Let m be g(-55). Calculate the highest common divisor of m and 2169.
9
Suppose -o + 5*c + 16142 = 7*c, 48462 = 3*o - 3*c. What is the greatest common factor of o and 34?
34
Suppose -11*f + 39*f = 7056. Calculate the greatest common divisor of 1092 and f.
84
Let v(a) = -6*a**2 + 296*a + 14. Let k be v(47). What is the highest common divisor of 21 and k?
21
Suppose -10*h + 47*h - 1036 = 0. What is the highest common divisor of 483 and h?
7
Let f(c) = 105*c. Let s be f(2). Suppose 0 = 12*t + 180*t - 16128. What is the highest common divisor of t and s?
42
Let o(d) = 977*d + 7001. Let z be o(-7). What is the greatest common factor of 7218 and z?
18
Let c be (-151 - -55)*((-45)/(-12))/(-5). What is the highest common divisor of c and 768?
24
Let o(c) = 2*c**2 - 7*c + 43. Let v be o(6). Suppose -82*w + 216 = -v*w. Calculate the greatest common factor of w and 6.
6
Let p = 385 + -400. Let s = p - -61. What is the greatest common factor of s and 69?
23
Let v = 581 - 576. Suppose -126 = -z - z. Suppose -3*b + z = -c, 4*b + v*c + 7 = 5*b. What is the highest common divisor of 88 and b?
22
Let q(s) = 8*s + 168. Let l be q(-19). Suppose -l*o + 207 = -1. Calculate the greatest common divisor of o and 767.
13
Suppose -83*m + 82*m + 28 = 0. Suppose 36*b = m*b + 8. What is the greatest common divisor of b and 9?
1
Suppose -5*m - 5*j + 3775 = 0, 5*m - 3778 = -79*j + 77*j. Calculate the highest common factor of m and 112.
28
Let o be (-1 + 2)*148/2. Let x(p) = 21*p**2 + 3*p + 5. Let k(f) = 2*f + 9. Let y be k(-6). Let n be x(y). What is the greatest common factor of o and n?
37
Suppose 6*k = 7 + 5. Let m be k*((-9)/3 + 201). Suppose -3*h = -0*h - 108. What is the highest common divisor of m and h?
36
Let r = -4 - -16. Let w(k) = 2*k**3 + 15*k**2 + 19*k + 6. Let f be w(-6). Suppose c - 6*c + 60 = f. Calculate the highest common factor of c and r.
12
Let s(r) = 44*r + 76. Let h be